-b - 3. Let c(u) = 4*u**3 - 2*u**2 - 2*u - 1. Let z be c(-1). What is the tens digit of (b/(-2))/(z/(-130))?
1
Suppose -4*o + 4 = -36. Suppose -5*y + o*y = 65. What is the tens digit of y?
1
Let a = 64 - -83. What is the hundreds digit of a?
1
Let j be (9/18)/((-1)/(-6)). Suppose -j*n + 40 = -h - 12, -4*n + h = -71. What is the tens digit of n?
1
What is the tens digit of (-1)/(3 - (-192)/(-63))?
2
Let d = -12 + 13. What is the units digit of d?
1
Let m be (-4)/(-8) - (-5)/2. Let q(g) = 4*g**2 + 4*g**3 + 0*g - 5*g**3 - m*g. What is the units digit of q(2)?
2
Suppose -9*a + 69 = -6*a. What is the units digit of a?
3
Suppose -5*c - 4*i - 69 + 17 = 0, -5*c + 4*i - 28 = 0. What is the units digit of ((-26)/c)/((-2)/(-16))?
6
Let z = 2 + -5. Let c be 0*((-20)/(-6) + z). Suppose c = -5*m + 5 + 15. What is the units digit of m?
4
What is the tens digit of 2928/28 + 6/14?
0
Let o(w) = w**3 - 15*w**2 - 35*w + 5. What is the tens digit of o(18)?
4
Let k(d) = 2*d - 6. Let u be 1*3*10/5. Let j be k(u). What is the units digit of j/(-4)*20/(-15)?
2
Let b = 4 + -2. Let d be (2 - 1) + 4 - b. Suppose 3*c - d = 3. What is the units digit of c?
2
Suppose 0 = v - 38 - 104. What is the units digit of v?
2
Suppose -i = 53 - 8. What is the units digit of 10*(-12)/i*3?
8
Suppose -2*d - 74 = -7*d + 2*z, 2*d - 3*z = 34. Suppose 5*p - d = 36. What is the units digit of p?
0
Let m(g) = 12*g - 12. What is the units digit of m(8)?
4
What is the tens digit of 682/6 + 20/(-30)?
1
What is the units digit of -1 - -27 - (-2 + 4)?
4
What is the tens digit of 33 + 12 - (0 - 1)?
4
Let w(d) be the first derivative of -3*d**2/2 - 4*d - 2. What is the units digit of w(-3)?
5
Let t(a) = a**2 - 11*a - 1. Suppose 0 = -3*u - z + 33, -19 = -2*u - 2*z - 1. What is the tens digit of t(u)?
1
Suppose 0 = s - 6*s + 245. What is the units digit of s?
9
Suppose -2*c - 2*c + 5*q = 0, 0 = 4*c + q. What is the units digit of 1 + c + 1 + 0?
2
Suppose -b + 372 + 31 = 0. What is the tens digit of b?
0
Let q(j) be the third derivative of 0*j + 1/6*j**4 - 2*j**2 + 1/6*j**3 + 0. What is the units digit of q(2)?
9
Suppose 3*n - 114 + 0 = 0. What is the units digit of n?
8
Let a be -1 + (3 + 2 - 3). Suppose n + a - 9 = 2*q, -q + 17 = n. What is the units digit of n?
4
What is the tens digit of (5/(-2))/((-6)/(24*5))?
5
Suppose 0 = -2*h + 10 + 60. What is the units digit of h?
5
Suppose 2*y = 5*d - 103, -3*d + 2*y + 65 = -0*d. Suppose -5*o + 1 + d = 0. What is the units digit of o?
4
Suppose 0 = 2*g - 3*g + 31. What is the tens digit of g?
3
Let b(f) = f**2 + 6*f - 4. Let x be b(-7). Let l = x + 1. Suppose 5*s - 35 = -5*o, l*o + s = 5*s + 68. What is the units digit of o?
2
What is the units digit of (-5)/10*-7*6?
1
Let l = 11 + 0. What is the units digit of l?
1
Let s(v) = 6*v**3 + v**2 + 2*v - 2. What is the units digit of s(1)?
7
Suppose j - 3*y = -0 + 16, 8 = j - y. Let v = 10 - j. What is the units digit of v?
6
Suppose -18 = -z - 0*z + 3*d, -3*z + 2 = 4*d. Let l be (-3)/(-9) + (-14)/6. Let r = z + l. What is the units digit of r?
4
Let f = -17 - -26. Suppose 2*y + n = -n + 6, 0 = 3*n + 6. What is the units digit of (3 - y)/((-2)/f)?
9
Let d(k) = -12*k - 3*k**2 - 3*k**2 - 16 + 3 - 5*k**2 - k**3. What is the units digit of d(-10)?
7
Let n = -183 - -475. What is the units digit of n?
2
Let i = 6 + -48. What is the units digit of i/(-8) - (-8)/(-32)?
5
Suppose 9 = -3*s, l + s - 17 = -3*l. Suppose -2*m - m - 4 = 4*v, 3*m + l*v = -8. What is the units digit of m?
4
Let n(v) = -v**2 + v + 16. Let q be n(0). Suppose s = 5*b + 5, b + 0*b - 5 = -s. Suppose -2*a + q = -b*a. What is the units digit of a?
8
What is the units digit of 7/7 + 5 + -2?
4
Let y(k) = -k. Let l be -3 + 3 + -3 + -2. What is the units digit of y(l)?
5
Let d = 91 - -10. What is the hundreds digit of d?
1
Suppose h = 5*l - 0*h - 55, 2*h - 58 = -4*l. Let z = l - 7. Suppose -2*k - 33 = -z*k. What is the units digit of k?
1
Let v(w) = 0*w + 4 - 4*w + 3*w. What is the tens digit of v(-8)?
1
Let m(f) = 4*f**2 + 2*f - 2. Let k be m(-2). Let i = 0 + k. Suppose 5*g - 3 = 2*c - i, -2*c - 4*g + 52 = 0. What is the tens digit of c?
1
Let y be 3*(-1 + (-8)/(-3)). Suppose o + 12 = w + 2*w, -3*w = 2*o - 3. Let l = y + w. What is the units digit of l?
8
Let x be ((-132)/(-48))/((-2)/(-32)). Let p = -20 + x. What is the units digit of p?
4
Let d = -6 + 7. What is the units digit of 4 + 7 + (d - -1)?
3
Let v(f) = -f**3 + 7*f**2 + 9*f + 2. Let d be v(8). What is the units digit of (d + 3 + -6)*1?
7
Suppose 102 = -w + 4*w. Suppose -3*i = -w + 13. What is the units digit of i?
7
What is the tens digit of 58 - 6/(-9)*3?
6
Suppose -2*y = y + 5*c + 21, 0 = -5*c - 15. Let m be y*(1 + -2)*2. Suppose 65 = p + m*p. What is the tens digit of p?
1
Let v be 20/(-8)*4 + -3. Let y(g) = g**3 + 12*g**2 - 13*g + 17. What is the units digit of y(v)?
7
Let v(d) = -d**3 + 7*d**2 + d - 5. Let u be v(7). Suppose 2*c = -4*l + 60 + 6, 0 = -4*l + u*c + 62. What is the tens digit of l?
1
Let x = 619 - 356. What is the hundreds digit of x?
2
Let c(p) = 11*p**2 + p - 1. Let n = 0 + -5. Let q = n + 6. What is the units digit of c(q)?
1
Suppose 4*z - 2*r - 65 = 49, -4*r = z - 15. What is the units digit of z?
7
Suppose -z + t + 4 = 2, -2 = 2*z - 5*t. Suppose k - 86 = -37. Suppose -z*l = -k - 7. What is the tens digit of l?
1
Suppose -3*p + 4 - 1 = 0. What is the units digit of 3/p*(-40)/(-15)?
8
Suppose 2*m = -2*m + 4*v + 48, 5*v = -20. Suppose 2*p = -2*p + m. What is the units digit of p?
2
Let o(p) = -p**3 + 10*p**2 - 6*p - 2. What is the units digit of o(9)?
5
Let n = 155 - 36. What is the tens digit of n?
1
Suppose -3*t - 8*t + 792 = 0. What is the tens digit of t?
7
Suppose 2*s + 80 = 4*s. What is the tens digit of s?
4
Suppose 0 = -5*m - 4*a - 0*a - 24, m + 9 = -5*a. Let z be 2/1 + 7 + m. Suppose l + 32 = z*l. What is the units digit of l?
8
Suppose -17*c + 12*c + 250 = 0. What is the units digit of c?
0
Suppose 2*a + 13 = -7. Let i be -2 - (-9)/(3/(-3)). Let y = a - i. What is the units digit of y?
1
Let t(p) = -p - 14. Let z be t(-7). Let h = 12 + z. Let y = 5 + h. What is the tens digit of y?
1
Suppose -2*v + 280 = i, -v + 139 = 4*i - 3*i. What is the hundreds digit of v?
1
Let p(j) = 21*j**2 + j - 2. What is the units digit of p(1)?
0
Suppose 0 = -r - 8 - 4. Let f = r - -21. Let n = f - 5. What is the units digit of n?
4
Suppose 0 = -g - 3*g + 8. Suppose h - g = i, -9 = -h - 2*h + 4*i. What is the units digit of -3*(-1 - (2 - h))?
2
What is the units digit of (-1)/((5/(-89))/5)?
9
Suppose 0 = 2*k - 3*l - 270 + 70, 5*k + 3*l - 479 = 0. What is the units digit of k?
7
Suppose -8*o + 10 = -3*o. Let c be (o/3)/((-6)/(-27)). Suppose 8*h - c*z - 72 = 4*h, 2*h - 36 = z. What is the tens digit of h?
1
What is the units digit of (405/36)/(-2 - 18/(-8))?
5
Suppose 8 = 5*z - 7. What is the tens digit of 8/(-12) - (-53)/z?
1
Let g be 3/2*(-4)/(-6). Let i be 0 - -3 - g - 2. Suppose 6*o - 4*o - 28 = i. What is the tens digit of o?
1
Let r be 4 + 2 + (-5 - -2). Suppose 3*c - c - 41 = -5*i, -2*c + 31 = r*i. Let s = -2 + c. What is the units digit of s?
6
What is the tens digit of 62/(10/(2 - -3))?
3
What is the units digit of (72/(-28))/3*-91?
8
Suppose x - 2 = 1. Suppose -x*i = -4*i + 15. What is the tens digit of i?
1
What is the units digit of 3/(-3) - -200 - -5?
4
Let n = 17 - 13. Suppose -74 = -3*u + n*m, u + 5*m = -3*u + 47. What is the units digit of u?
8
Let x be (-5 - -2)*4/(-6). Suppose -5*s = 3*d - 23, -3*s + 2*d = x*s - 18. Suppose -u + 2*u - s = 0. What is the units digit of u?
4
Let t(p) = -p**3 + 9*p**2 + 12*p + 13. What is the tens digit of t(10)?
3
Suppose 6*r - 25 = 353. What is the units digit of r?
3
Let c(g) = -g + 4. Let l be c(4). Suppose p + 2*h + 7 - 3 = 0, 6 = -3*h. Suppose -t - 3 = -l, -i - 3*t + 9 = p. What is the tens digit of i?
1
Let u be -5*(-1 - 7/(-5)). Let g be 1*(-6)/u - 1. What is the units digit of (g/1)/2*7?
7
Suppose -153 = -4*j - 5*t, -3*j - 4*t = -t - 111. What is the tens digit of j?
3
Suppose 2*g + 3*g - 75 = 0. What is the tens digit of g?
1
Let q(m) = 12*m - 14. What is the units digit of q(9)?
4
Suppose -4*q - 1 + 13 = 0. Let s = -1 + 1. Suppose s = -2*o - v + 15, -3*v + 40 = q*o + 2*v. What is the units digit of o?
5
Let j = -13 - -70. What i